 and m?
14
Suppose 3*k - 4*p + 180 = 6*k, -k + 59 = p. What is the highest common factor of k and 42?
14
Let u be (-6)/(3/8*-1). Calculate the highest common factor of u and 112.
16
Let m = 10 - 9. Let s be 0/m - (-83 - -1). Suppose 0 = -3*p - 4*x + s, -2*x - 107 = -4*p - 27. What is the greatest common divisor of p and 11?
11
Suppose -5*c - 492 + 12 = 4*y, 0 = -4*y + c - 504. Let m = 224 + y. Calculate the highest common factor of 9 and m.
9
Suppose 12*a - 11*a - 45 = 0. What is the greatest common factor of 9 and a?
9
Let f be 2 + 151 + 3/(-3). What is the highest common divisor of f and 19?
19
Suppose 7*z - 2*z - 20 = 0. Suppose -4*l = -z*w + 32, 5*l + 2 - 22 = 0. What is the highest common divisor of w and 12?
12
Let r be 11/(4 + -5 + 2). What is the highest common divisor of r and 11?
11
Let j = -705 + 1041. What is the highest common divisor of 48 and j?
48
Suppose 0 = -l + z + 12, -2*l + 4*z = -6 - 14. What is the greatest common factor of 112 and l?
14
Let f be (3/3)/((-1)/1). Let k be f + 0 + 6/2. Calculate the highest common factor of k and 2.
2
Suppose -1 = 2*j + 2*b + 3, -4*j = -b - 7. What is the greatest common divisor of j and 7?
1
Suppose -m + 4*r = 20 - 6, -5 = -r. Let h(i) = i**3 - 8*i**2 + 5*i + 2. Let u be h(8). Calculate the highest common factor of u and m.
6
Suppose -2*y + 46 = 10. What is the greatest common factor of 27 and y?
9
Suppose 3*d + 16 = 7*d. Suppose d*g = -g - 165. Let f = g + 49. Calculate the greatest common factor of 16 and f.
16
Let q be 2/(-1)*1*-2. Let l(r) = 7*r + 10. Let a be l(-7). Let c = 71 + a. What is the greatest common divisor of c and q?
4
Let o(c) = 4*c**3 - 2*c**2 - 5*c + 2. Let f be o(3). Calculate the highest common factor of f and 7.
7
Let b = -8 + 10. Let s be -8*(3 - 2 - b). Let l = -98 + 170. What is the highest common factor of l and s?
8
Let z(t) = -2*t - 11. Let v be z(-13). Suppose -r + 12 = 3*y, -y + 44 = 3*r - 0*y. What is the greatest common factor of r and v?
15
Suppose 55 = 4*u - 2*t + 5, -t + 20 = u. What is the greatest common divisor of 3 and u?
3
Let g(q) = 2*q**2 - 11*q + 2. Let r = -21 - -29. Let i be g(r). Suppose o = -2*o + i. What is the highest common divisor of o and 98?
14
Let t(p) = p**3 + 2*p**2 - 5*p - 4. Let m be t(-3). Suppose -4*v = 20, -4*q + m*q + 37 = -3*v. What is the highest common factor of q and 99?
11
Let z(u) = u**3 + u**2 - 3*u + 3. Let g be z(2). Let f be (-10)/(-25) + (-3)/(-5). What is the highest common divisor of g and f?
1
Let t = 3 + 0. Suppose -t*l + 20 = l. Let s = 66 - 65. Calculate the highest common divisor of l and s.
1
Suppose -4*b + 6 = -2*i, -b + 2*i - 4*i + 4 = 0. Suppose -q + b*q - 8 = 0. What is the highest common divisor of 8 and q?
8
Suppose -291 = -4*u - k, 2*u - 4*k = 4*u - 156. Calculate the highest common factor of 9 and u.
9
Suppose 2 = -x - 2. Let n = -2 - x. Suppose n*c - w - 13 = 0, 0*c - 16 = -3*c + 5*w. What is the greatest common divisor of c and 7?
7
Let c = 35 + 185. What is the greatest common factor of c and 20?
20
Suppose -189 = 2*f - 5*f. Let l(z) be the second derivative of z**3/2 - 5*z**2/2 - 2*z. Let j be l(4). What is the greatest common divisor of j and f?
7
Suppose 0 = i - x - 34, -4*i + 3*x = 5*x - 118. Suppose i - 339 = -2*k. What is the highest common factor of 22 and k?
22
Let j(n) = n**2 + 5*n - 48. Let x be j(-11). What is the greatest common divisor of 12 and x?
6
Suppose 6*z - 17 - 7 = 0. What is the greatest common divisor of 1 and z?
1
Let d(o) = -o + 8. Let k be d(5). Suppose -3*t + 2*u = 2*t - 53, -3*u = t + k. Let b = 146 - 83. What is the highest common factor of t and b?
9
Let u(z) = -z + 10. Let o be u(3). Let s(h) = 2*h**2 - 4*h + 14. Let p be s(o). What is the highest common factor of p and 21?
21
Let b be -4*-2*7/4. Suppose -5 = -2*k - 1. Calculate the greatest common factor of b and k.
2
Let g be (3 + (-27)/6)*130/(-15). What is the highest common divisor of g and 143?
13
Let b = -22 - -33. Let r be 40/50*(54 + 1). Calculate the highest common factor of r and b.
11
Suppose 5*s = -0*s + 15. Suppose -5*p - 14 = 1. Let n = p + 6. Calculate the highest common divisor of s and n.
3
Let t be (-88)/(-20) - 4/10. Suppose 2*a + 2*a - t*u = 612, -3*u = 0. What is the greatest common factor of 17 and a?
17
Let r = 4 - -3. Let o(d) = d**3 - 8*d**2 + 7*d + 8. Let n be o(r). Calculate the greatest common divisor of n and 8.
8
Let h = 89 - 54. What is the highest common divisor of h and 7?
7
Suppose -3*k + 170 = -193. Let p = 15 + k. Calculate the highest common factor of 17 and p.
17
Let q be 2 - (-5 + 2 + -16). Let n be -7*18/q*-1. Calculate the highest common divisor of n and 42.
6
Let a(l) = -l - 6. Let v be a(-6). Suppose 0 = g + 2*t - 26, 4*g - 3*t + 0*t - 49 = v. What is the greatest common factor of g and 8?
8
Let b = 16 - -16. Let d = 59 - b. Calculate the highest common factor of 9 and d.
9
Let b be 34/(-6)*3/1. Let l = -75 - -49. Let c = b - l. What is the greatest common divisor of c and 6?
3
Let y(m) = -m - 2. Let q be y(-2). Suppose 3*h - 6*h + 21 = q. Calculate the highest common divisor of 7 and h.
7
Let n = 164 + -150. Calculate the greatest common divisor of 42 and n.
14
Suppose 23 + 12 = -5*w. Let r(d) = -d**2 - 9*d - 1. Let b be r(w). Calculate the greatest common factor of b and 52.
13
Let y(d) = -19*d**3 - 2*d**2 + d + 2. Let z be y(-1). What is the highest common factor of z and 126?
18
Let q = 22 + 0. Let o be (-26)/(-16) + (-15)/(-40). Calculate the highest common divisor of o and q.
2
Let t(w) = -w + 18. Let x be t(15). Suppose -3 = -x*d + 3*b, d = 5*d + 2*b - 4. What is the greatest common factor of 8 and d?
1
Let n be 4*((-15)/6 - -4). Calculate the greatest common factor of n and 24.
6
Suppose 0 = 2*a + 4*c + c - 443, a = -4*c + 223. Let b = -65 + a. What is the greatest common factor of 22 and b?
22
Let z = -1 - -9. Let r be -2 + 2 + -2 + z. Calculate the highest common factor of 6 and r.
6
Let w be (16/(-20))/((-2)/(-15)). Let o be 2/(-6)*(w + -3). Let i be 46/4 - o/2. Calculate the highest common divisor of i and 110.
10
Suppose 24 = 2*a + a. Suppose -6*u - d + 178 = -u, 0 = 4*d + a. Let g be -2 + (-4)/8 + 26/4. Calculate the greatest common factor of u and g.
4
Suppose 0 = -2*h - 3*u + 60 + 123, -4*u = -5*h + 446. What is the greatest common factor of h and 36?
18
Suppose 3*d - 7 = -4*g + 4*d, 4*g + 5*d - 13 = 0. Suppose 0*x = g*x - 6. Calculate the highest common factor of x and 12.
3
Suppose y - 21 = 3*a - 4*a, -2*a = 4*y - 82. Calculate the highest common factor of 4 and y.
4
Let p = -13 + 10. Let s be (-1)/p - (-88)/24. Calculate the highest common factor of 20 and s.
4
Suppose -x - 5*c = -27, -c + 6 = 3. Suppose 0*j + 4*j = 780. Suppose 87 = f - 3*m - 6, 2*f + 3*m = j. What is the highest common divisor of x and f?
12
Let x = -96 - -98. What is the greatest common factor of 4 and x?
2
Suppose -t - 3*t + 2*o = -24, -2*t - 12 = 5*o. Let h = t + -2. Suppose 3*y - 96 = -5*f, 0*f + h*f - 34 = y. What is the highest common factor of f and 126?
18
Suppose 5*h - 8 = -l, 2*l + 2*l - 12 = 0. What is the highest common divisor of h and 8?
1
Let o be (6/4)/((-24)/128). Let s be 12/o*(-64)/4. Suppose 0 = 5*p - 3*t - 72, 0 = -5*p - 2*t - 2*t + 44. What is the greatest common divisor of p and s?
12
Suppose 9*f - 44 = 8*f. Calculate the greatest common factor of f and 11.
11
Let o(k) = 51*k + 1. Let q be o(1). Suppose 6 + 7 = g. Calculate the highest common factor of g and q.
13
Let y(z) = 1 - 1 + 5 + 0*z - 2*z. Let l be y(0). What is the greatest common divisor of l and 15?
5
Let n(l) be the second derivative of l**4/4 - l**3 - l**2 + 5*l. Let s be n(-4). Calculate the greatest common divisor of 7 and s.
7
Let t(y) = 6*y + 8. Let i be t(6). What is the highest common divisor of i and 11?
11
Let z be (0 - -1) + (-6)/(-3) + 32. What is the highest common divisor of 70 and z?
35
Let r be (-16)/(-24)*(0 + 3). Suppose -4*w - 8 = -r*d - 2, 0 = 3*w + 5*d - 28. Calculate the greatest common divisor of w and 4.
1
Let g = -50 + 78. Let o = -13 - 3. Let q = -2 - o. Calculate the greatest common factor of q and g.
14
Let k be 4395/(-55)*-2 + (-2)/(-11). What is the greatest common divisor of 20 and k?
20
Let p = -22 - -29. What is the highest common divisor of p and 49?
7
Suppose 0 = 